. What is the highest common factor of r and 240?
30
Let c = -22 - -25. Let k(j) = 11*j + j**c - 2*j + 10 + 9*j**2 + 0*j**3. Let q be k(-8). Calculate the highest common divisor of 8 and q.
2
Let p be 19 - -5*(-3)/(-3). Let u be -1 + (0 - -3) - -2. Suppose -a + 0*c + 16 = -4*c, u*a - 34 = c. Calculate the highest common factor of p and a.
8
Let x be (34/(-4))/(6/(-672)). Suppose x = 2*n - 4*v, -v = -4*n + 738 + 1201. What is the greatest common factor of 18 and n?
18
Suppose 14863 = 375*g - 286*g. What is the highest common divisor of g and 8851?
167
Suppose 4*a + 89*d - 88*d - 48 = 0, 18 = 3*a + 3*d. Calculate the highest common factor of 602 and a.
14
Suppose 3*l + 13 = 3*d + 19, 42 = 6*d. Calculate the highest common factor of 9549 and l.
9
Let n(t) = -t**2 + 23*t + 52. Let j be n(-15). Let z be (3/2 - 1) + j/(-4). Calculate the greatest common factor of 52 and z.
26
Let m(d) = d**3 - 11*d - 1. Suppose 0 = 8*c - 18 - 22. Let h be m(c). Calculate the highest common factor of 253 and h.
23
Let h(m) be the first derivative of 11*m**2 - 2. Let k(u) = -u**2 - 47*u + 384. Let r be k(7). Let b be h(r). What is the greatest common factor of b and 24?
12
Let j = -12030 - -14496. Calculate the greatest common divisor of 18 and j.
18
Let s(m) = -m**3 + 17*m**2 - 17*m + 96. Let q be s(16). Suppose 0 = 419*o - 414*o - q. Calculate the highest common divisor of 568 and o.
8
Let h be (44 - -4938) + 4/2 + 0. What is the greatest common factor of h and 56?
56
Let u(i) = 7*i - 77. Let p be u(11). Suppose p = 3*t - 1923 + 15. Calculate the greatest common factor of 12 and t.
12
Let p = -711 + 631. Let o be -2 - 33/(-15) - 6224/p. What is the greatest common divisor of o and 507?
39
Suppose -13*k - 1180 = -18*k. Let x = -215 + k. What is the highest common divisor of x and 483?
21
Suppose 0 = 12*p - 740 + 176. Let k be (-2)/9 + (-12)/(-54) + p. Calculate the highest common factor of k and 235.
47
Suppose -4*z = 515 - 1467. Suppose 6*g + 142 = z. What is the highest common divisor of g and 944?
16
Suppose 2*k + 3*a - a - 22 = 0, a + 24 = 4*k. Let n = 10 - k. Suppose 10*s + n*s = 1040. What is the greatest common factor of 16 and s?
16
Suppose -528*h = -521*h - 28. What is the greatest common factor of h and 372?
4
Let k(r) = 11*r - 1. Let i be k(1). Let s(g) = -195*g**2 + 1578*g - 14. Let f be s(8). Calculate the greatest common factor of i and f.
10
Let o be (7/21)/((4 - 1)/531). Let l = o + 166. Suppose 3*v = 8*v - l. What is the greatest common factor of v and 15?
15
Suppose 70*z + 4114 = 15034. What is the greatest common divisor of 1131 and z?
39
Suppose -6*u + 40 = 4*x - 10*u, 4*x + u - 35 = 0. Suppose -n - r + 129 = 0, 197 = 2*n - 2*r - 49. Calculate the highest common factor of x and n.
9
Let q(x) = 250*x - 3693. Let m be q(47). Calculate the highest common factor of m and 14.
7
Let m = -9263 - -11231. Calculate the highest common factor of 41 and m.
41
Suppose 468 = -0*d + 26*d. Suppose -d*x + 590 + 490 = 0. What is the highest common factor of x and 30?
30
Suppose -8 = 3*p - 7*p. Let k(m) = m**3 + 5*m**2 - 68*m - 176. Let z be k(-10). Suppose -z*u + p*u + 88 = 0. Calculate the highest common factor of u and 110.
22
Let j be -5 + 4*245/20. Let u = -22 + j. Calculate the highest common factor of u and 286.
22
Let h(l) = 6*l**2 + 1283*l - 2731. Let r be h(-216). Suppose 0 = 5*n - 156 - 9. Calculate the highest common factor of n and r.
11
Let b(a) = 8620*a + 92. Let u be b(1). Calculate the greatest common divisor of u and 48.
24
Let b(q) = -3*q**2 + 26*q - 542. Let i(h) = -h**2 + 12*h - 272. Let s(c) = 2*b(c) - 5*i(c). Let f be s(-20). What is the highest common divisor of f and 117?
9
Suppose j = -1642*c + 1640*c + 94, -4*j - 164 = -4*c. Let u = -28 - -46. What is the highest common divisor of c and u?
9
Let o = 13 - 10. Suppose -2*u + k + 765 = 0, 25 = -o*k + 8*k. Calculate the highest common divisor of u and 35.
35
Suppose -4*g - 23 = -39. Suppose 2*p = g*j + j + 2, -2*p - 18 = 5*j. Let n be ((-1)/j)/(1 - 129/132). What is the highest common divisor of 88 and n?
22
Let j = 10909 + -10902. Let f be 1 + 111 - (-1 + 1). Calculate the greatest common divisor of j and f.
7
Suppose 4*n + 4*n - 184 = 0. Let b = 22 - n. Let g(p) = -54*p**3 + p**2. Let j be g(b). What is the greatest common divisor of j and 22?
11
Suppose -z = -2*r - 1409, 82*z - 1424 = 81*z - r. Calculate the greatest common divisor of 1032 and z.
129
Let k = 1266 - -3279. What is the greatest common factor of k and 45?
45
Suppose -3*r + 7*r + 3*j - 49 = 0, -r = j - 13. Suppose 20 = 12*v - 2*v. Suppose -15 = -v*c + 25. What is the greatest common factor of r and c?
10
Let v be ((-7)/(118 + -6))/(8/(-96))*88. Calculate the highest common divisor of 2508 and v.
66
Suppose 2*u - 88 = 3*l - 8, 5*l = 0. Suppose 5*x - 10 = -20, 0 = -5*n - 5*x + u. What is the greatest common divisor of 35 and n?
5
Suppose 8*n - 3*n - 230 = 0. Let z(l) = l**2 + 184*l + 2564. Let j be z(-14). Calculate the highest common factor of j and n.
46
Let c(s) = 2*s**2 + 12*s + 21. Let x be (-2)/(0 - 5/(-30)). Let q = x + -4. Let p be c(q). What is the highest common divisor of p and 31?
31
Let z be 6238/(-18) - (4 + (-320)/90). Suppose 931 = -5*o - 2*b, b + 366 = -2*o - 3*b. Let c = o - z. Calculate the highest common factor of c and 20.
20
Let k = -1809 - -1961. Calculate the greatest common divisor of k and 722.
38
Suppose -387*x + 374*x - 7748 = 0. Let l = 625 + x. What is the highest common factor of 377 and l?
29
Suppose -2*s - 144 = -d, d - 37 = -2*s + 99. Calculate the greatest common divisor of 504 and d.
28
Let i = 93 - 39. Suppose 3*p = p + i. Let q = 919 + -913. What is the highest common factor of q and p?
3
Suppose 194 = 4*q - 2*x, -4*q = x - 34 - 139. What is the highest common factor of 135 and q?
45
Suppose 0*r = 2*r - 42. Let s = -8019 - -8015. Let i be ((-140)/r - s)/((-4)/54). What is the highest common divisor of 9 and i?
9
Let v = 4678 - 4369. What is the greatest common factor of v and 2369?
103
Let q = 319 + -301. What is the highest common factor of 606 and q?
6
Let z be 1 - (-130)/4*(-24)/60. Let p be (z - -7 - -7) + 13. What is the greatest common factor of p and 3?
3
Let g = 118 - -59. Let z = g - 173. Calculate the highest common factor of 4 and z.
4
Suppose 0 = 10*k - 5*k - 265. Let n = 61 - k. What is the highest common factor of n and 28?
4
Suppose -238 = -2*h + 4*a, a + 6 = 3*a. Let s be 2 + 3 - (2 - 2). Suppose -s*r = 4*b, 24*b - 25*b = 3*r + 7. Calculate the highest common divisor of b and h.
5
Let k be (17010/25)/(6/15). What is the highest common divisor of k and 84?
21
Let o(s) = 140*s - 411. Let z be o(3). Calculate the greatest common factor of z and 747.
9
Let m(d) be the third derivative of d**5/20 + 11*d**4/24 + d**3/2 + d**2. Let w be m(-6). Let n = 135 + -126. What is the greatest common divisor of n and w?
9
Suppose 6*j - 9*j = 3*a - 48177, -j - 4*a + 16062 = 0. Calculate the greatest common divisor of 222 and j.
74
Let t(w) = -w**2 + 18. Let k be t(0). Let i = 1 - k. Let h = 27 + i. What is the highest common divisor of 50 and h?
10
Let t(p) = -p - 12. Let v be t(-14). Suppose -v*o - o - 153 = 0. Let w = o - -62. Calculate the greatest common divisor of w and 99.
11
Let m(t) = t**3 - t**2 + 2*t + 40. Let w be m(0). Let o be (-4)/(-28) - (-978)/14. What is the greatest common divisor of w and o?
10
Let r = 10883 + -10871. Suppose -2*q + 3*x = -2*x - 527, -5*q - 4*x = -1400. What is the highest common divisor of r and q?
12
Let r(q) = 2*q**2 + 11*q - 65. Let h be r(-10). Calculate the highest common divisor of 11375 and h.
25
Let r be (-675)/(-350) + 2/28 + -1. Let s = 39 - -75. Let p be (-2*r)/6 + 2318/s. What is the greatest common divisor of 30 and p?
10
Suppose 34*r = 33*r + 5. Let h = 24 - r. Suppose 61 = 2*b + h. What is the highest common divisor of b and 168?
21
Let t be 5/(-4)*(-5 + -191). Suppose -77 = 8*m - t. Calculate the greatest common divisor of m and 189.
21
Let g(t) = 8*t - 162. Let n be g(22). Suppose 7*p = 3*p + 728. Calculate the greatest common factor of p and n.
14
Let s = -21286 - -21512. Let v(t) = t**3 + 4*t**2 + 2. Let z be v(-4). Calculate the greatest common divisor of s and z.
2
Let b be 6/(-2) + 18*(-15)/(-10). Let y(j) = -6*j + 492. Let a be y(